{"id":2633,"date":"2015-02-18T15:50:37","date_gmt":"2015-02-18T14:50:37","guid":{"rendered":"http:\/\/www.sabadelltrasters.com\/?page_id=2633"},"modified":"2015-02-18T15:50:37","modified_gmt":"2015-02-18T14:50:37","slug":"sobre-nosaltres","status":"publish","type":"page","link":"https:\/\/sabadelltrasters.com\/ca\/sobre-nosaltres\/","title":{"rendered":"Sobre nosaltres"},"content":{"rendered":"<p><strong>Sabadell Business Center<\/strong> posa a la seva disposici\u00f3 el <strong>lloguer de trasters a Sabadell<\/strong>, tan petits com mitjans i grans.<br \/>\nSi el que necessites \u00e9s un despatx o oficina tamb\u00e9 ens dediquem al <strong>lloguer de despatxos a Sabadell<\/strong>.<\/p>\n<h2>Lloguer de trasters a Sabadell<\/h2>\n<ul>\n<li>A 15 minuts de Barcelona per l'autopista C-58.<\/li>\n<li>A nom\u00e9s 2 minuts de la sortida Sabadell Sud.<\/li>\n<li>A 5 minuts del Centre de Sabadell.<\/li>\n<li>En una zona de f\u00e0cil aparcament.<\/li>\n<\/ul>\n<p><\/p>\n<h3>Maniobrabilitat<\/h3>\n<p>Una zona de c\u00e0rrega i desc\u00e0rrega a la planta baixa i un ampli muntac\u00e0rregues (1m x 2m) posa a disposici\u00f3 dels clients la perfecta maniobrabilitat i manipulaci\u00f3 dels productes emmagatzemats.<\/p>\n<h3>Imatge<\/h3>\n<p>L'encant d'un edifici industrial recentment remodelat, combina disseny amb funcionalitat oferint despatxos amb un car\u00e0cter seri\u00f3s i informal alhora.<\/p>\n<h3>Econ\u00f2mic<\/h3>\n<p>Incl\u00f2s en el preu s'ofereixen un conjunt ampli de serveis com s\u00f3n secret\u00e0ria, WIFI, sala de reunions, emmagatzematge al soterrani, aire condicionat, calefacci\u00f3, telefonia, fax, impressora, seguretat, impost d'activitat que en un despatx tradicional s'han de pagar a part.<\/p>\n<h3>Flexibilitat<\/h3>\n<p>La facilitat d'obertura d'un despatx al seu torn de tancament, permet guanyar una flexibilitat en tr\u00e0mits i temps.<\/p>\n","protected":false},"excerpt":{"rendered":"<p>Sabadell Business Center posa a la seva disposici\u00f3 el lloguer de trasters a Sabadell, tan petits com mitjans i grans. Si el que necessites \u00e9s un despatx o oficina tamb\u00e9 ens dediquem al lloguer de despatxos a Sabadell. Lloguer de trasters a Sabadell A 15 minuts de Barcelona per l'autopista C-58. A nom\u00e9s 2 minuts de la sortida Sabadell Sud. A 5 minuts del Centre de Sabadell. En una zona de f\u00e0cil aparcament. Maniobrabilitat Una zona de c\u00e0rrega i desc\u00e0rrega a la planta baixa i un ampli muntac\u00e0rregues (1m x 2m) posa a disposici\u00f3 dels clients la perfecta maniobrabilitat i manipulaci\u00f3 dels productes emmagatzemats. Imatge L'encant d'un edifici industrial recentment remodelat, combina disseny amb funcionalitat oferint despatxos amb un car\u00e0cter seri\u00f3s i informal alhora. Econ\u00f2mic Incl\u00f2s en el preu s'ofereixen un conjunt ampli de serveis com s\u00f3n secret\u00e0ria, WIFI, sala de reunions, emmagatzematge al soterrani, aire condicionat, calefacci\u00f3, telefonia, fax, impressora, seguretat, impost d'activitat que en un despatx tradicional s'han de pagar a part. Flexibilitat La facilitat d'obertura d'un despatx al seu torn de tancament, permet guanyar una flexibilitat en tr\u00e0mits i temps.<\/p>\n","protected":false},"author":1,"featured_media":0,"parent":0,"menu_order":1,"comment_status":"open","ping_status":"open","template":"page-fullwidth.php","meta":{"_monsterinsights_skip_tracking":false,"_monsterinsights_sitenote_active":false,"_monsterinsights_sitenote_note":"","_monsterinsights_sitenote_category":0,"footnotes":""},"class_list":["post-2633","page","type-page","status-publish","hentry"],"yoast_head":"<!-- This site is optimized with the Yoast SEO plugin v27.0 - https:\/\/yoast.com\/product\/yoast-seo-wordpress\/ -->\n<title>Sabadell Business Center - Lloguer de trasters a Sabadell<\/title>\n<meta name=\"description\" content=\"A Sabadell Business Center ens dediquem al lloguer de trasters a Sabadell i voltants.\" \/>\n<meta name=\"robots\" content=\"index, follow, max-snippet:-1, max-image-preview:large, max-video-preview:-1\" \/>\n<link rel=\"canonical\" href=\"https:\/\/sabadelltrasters.com\/ca\/sobre-nosaltres\/\" \/>\n<meta property=\"og:locale\" content=\"ca_ES\" \/>\n<meta property=\"og:type\" content=\"article\" \/>\n<meta property=\"og:title\" content=\"Sabadell Business Center - Lloguer de trasters a Sabadell\" \/>\n<meta property=\"og:description\" content=\"A Sabadell Business Center ens dediquem al lloguer de trasters a Sabadell i voltants.\" \/>\n<meta property=\"og:url\" content=\"https:\/\/sabadelltrasters.com\/ca\/sobre-nosaltres\/\" \/>\n<meta property=\"og:site_name\" content=\"Sabadell Trasters\" \/>\n<meta name=\"twitter:label1\" content=\"Est. reading time\" \/>\n\t<meta name=\"twitter:data1\" content=\"1 minute\" \/>\n<script type=\"application\/ld+json\" class=\"yoast-schema-graph\">{\"@context\":\"https:\/\/schema.org\",\"@graph\":[{\"@type\":\"WebPage\",\"@id\":\"https:\/\/sabadelltrasters.com\/ca\/sobre-nosaltres\/\",\"url\":\"https:\/\/sabadelltrasters.com\/ca\/sobre-nosaltres\/\",\"name\":\"Sabadell Business Center - Lloguer de trasters a Sabadell\",\"isPartOf\":{\"@id\":\"https:\/\/www.sabadelltrasters.com\/#website\"},\"datePublished\":\"2015-02-18T14:50:37+00:00\",\"description\":\"A Sabadell Business Center ens dediquem al lloguer de trasters a Sabadell i voltants.\",\"breadcrumb\":{\"@id\":\"https:\/\/sabadelltrasters.com\/ca\/sobre-nosaltres\/#breadcrumb\"},\"inLanguage\":\"ca\",\"potentialAction\":[{\"@type\":\"ReadAction\",\"target\":[\"https:\/\/sabadelltrasters.com\/ca\/sobre-nosaltres\/\"]}]},{\"@type\":\"BreadcrumbList\",\"@id\":\"https:\/\/sabadelltrasters.com\/ca\/sobre-nosaltres\/#breadcrumb\",\"itemListElement\":[{\"@type\":\"ListItem\",\"position\":1,\"name\":\"Home\",\"item\":\"https:\/\/sabadelltrasters.com\/ca\/\"},{\"@type\":\"ListItem\",\"position\":2,\"name\":\"Sobre nosaltres\"}]},{\"@type\":\"WebSite\",\"@id\":\"https:\/\/www.sabadelltrasters.com\/#website\",\"url\":\"https:\/\/www.sabadelltrasters.com\/\",\"name\":\"Sabadell Trasters\",\"description\":\"Lloguer de trasters a Sabadell\",\"potentialAction\":[{\"@type\":\"SearchAction\",\"target\":{\"@type\":\"EntryPoint\",\"urlTemplate\":\"https:\/\/www.sabadelltrasters.com\/?s={search_term_string}\"},\"query-input\":{\"@type\":\"PropertyValueSpecification\",\"valueRequired\":true,\"valueName\":\"search_term_string\"}}],\"inLanguage\":\"ca\"}]}<\/script>\n<!-- \/ Yoast SEO plugin. -->","yoast_head_json":{"title":"Sabadell Business Center - Lloguer de trasters a Sabadell","description":"A Sabadell Business Center ens dediquem al lloguer de trasters a Sabadell i voltants.","robots":{"index":"index","follow":"follow","max-snippet":"max-snippet:-1","max-image-preview":"max-image-preview:large","max-video-preview":"max-video-preview:-1"},"canonical":"https:\/\/sabadelltrasters.com\/ca\/sobre-nosaltres\/","og_locale":"ca_ES","og_type":"article","og_title":"Sabadell Business Center - Lloguer de trasters a Sabadell","og_description":"A Sabadell Business Center ens dediquem al lloguer de trasters a Sabadell i voltants.","og_url":"https:\/\/sabadelltrasters.com\/ca\/sobre-nosaltres\/","og_site_name":"Sabadell Trasters","twitter_misc":{"Est. reading time":"1 minute"},"schema":{"@context":"https:\/\/schema.org","@graph":[{"@type":"WebPage","@id":"https:\/\/sabadelltrasters.com\/ca\/sobre-nosaltres\/","url":"https:\/\/sabadelltrasters.com\/ca\/sobre-nosaltres\/","name":"Sabadell Business Center - Lloguer de trasters a Sabadell","isPartOf":{"@id":"https:\/\/www.sabadelltrasters.com\/#website"},"datePublished":"2015-02-18T14:50:37+00:00","description":"A Sabadell Business Center ens dediquem al lloguer de trasters a Sabadell i voltants.","breadcrumb":{"@id":"https:\/\/sabadelltrasters.com\/ca\/sobre-nosaltres\/#breadcrumb"},"inLanguage":"ca","potentialAction":[{"@type":"ReadAction","target":["https:\/\/sabadelltrasters.com\/ca\/sobre-nosaltres\/"]}]},{"@type":"BreadcrumbList","@id":"https:\/\/sabadelltrasters.com\/ca\/sobre-nosaltres\/#breadcrumb","itemListElement":[{"@type":"ListItem","position":1,"name":"Home","item":"https:\/\/sabadelltrasters.com\/ca\/"},{"@type":"ListItem","position":2,"name":"Sobre nosaltres"}]},{"@type":"WebSite","@id":"https:\/\/www.sabadelltrasters.com\/#website","url":"https:\/\/www.sabadelltrasters.com\/","name":"Sabadell Trasters","description":"Lloguer de trasters a Sabadell","potentialAction":[{"@type":"SearchAction","target":{"@type":"EntryPoint","urlTemplate":"https:\/\/www.sabadelltrasters.com\/?s={search_term_string}"},"query-input":{"@type":"PropertyValueSpecification","valueRequired":true,"valueName":"search_term_string"}}],"inLanguage":"ca"}]}},"_links":{"self":[{"href":"https:\/\/sabadelltrasters.com\/ca\/wp-json\/wp\/v2\/pages\/2633","targetHints":{"allow":["GET"]}}],"collection":[{"href":"https:\/\/sabadelltrasters.com\/ca\/wp-json\/wp\/v2\/pages"}],"about":[{"href":"https:\/\/sabadelltrasters.com\/ca\/wp-json\/wp\/v2\/types\/page"}],"author":[{"embeddable":true,"href":"https:\/\/sabadelltrasters.com\/ca\/wp-json\/wp\/v2\/users\/1"}],"replies":[{"embeddable":true,"href":"https:\/\/sabadelltrasters.com\/ca\/wp-json\/wp\/v2\/comments?post=2633"}],"version-history":[{"count":0,"href":"https:\/\/sabadelltrasters.com\/ca\/wp-json\/wp\/v2\/pages\/2633\/revisions"}],"wp:attachment":[{"href":"https:\/\/sabadelltrasters.com\/ca\/wp-json\/wp\/v2\/media?parent=2633"}],"curies":[{"name":"wp","href":"https:\/\/api.w.org\/{rel}","templated":true}]}}

<p><strong>Sabadell Business Center</strong> posa a la seva disposició el <strong>lloguer de trasters a Sabadell</strong>, tan petits com mitjans i grans.<br />
Si el que necessites és un despatx o oficina també ens dediquem al <strong>lloguer de despatxos a Sabadell</strong>.</p>
<h2>Lloguer de trasters a Sabadell</h2>
<ul>
<li>A 15 minuts de Barcelona per l'autopista C-58.</li>
<li>A només 2 minuts de la sortida Sabadell Sud.</li>
<li>A 5 minuts del Centre de Sabadell.</li>
<li>En una zona de fàcil aparcament.</li>
</ul>
<p></p>
<h3>Maniobrabilitat</h3>
<p>Una zona de càrrega i descàrrega a la planta baixa i un ampli muntacàrregues (1m x 2m) posa a disposició dels clients la perfecta maniobrabilitat i manipulació dels productes emmagatzemats.</p>
<h3>Imatge</h3>
<p>L'encant d'un edifici industrial recentment remodelat, combina disseny amb funcionalitat oferint despatxos amb un caràcter seriós i informal alhora.</p>
<h3>Econòmic</h3>
<p>Inclòs en el preu s'ofereixen un conjunt ampli de serveis com són secretària, WIFI, sala de reunions, emmagatzematge al soterrani, aire condicionat, calefacció, telefonia, fax, impressora, seguretat, impost d'activitat que en un despatx tradicional s'han de pagar a part.</p>
<h3>Flexibilitat</h3>
<p>La facilitat d'obertura d'un despatx al seu torn de tancament, permet guanyar una flexibilitat en tràmits i temps.</p>

<p>Sabadell Business Center posa a la seva disposició el lloguer de trasters a Sabadell, tan petits com mitjans i grans. Si el que necessites és un despatx o oficina també ens dediquem al lloguer de despatxos a Sabadell. Lloguer de trasters a Sabadell A 15 minuts de Barcelona per l'autopista C-58. A només 2 minuts de la sortida Sabadell Sud. A 5 minuts del Centre de Sabadell. En una zona de fàcil aparcament. Maniobrabilitat Una zona de càrrega i descàrrega a la planta baixa i un ampli muntacàrregues (1m x 2m) posa a disposició dels clients la perfecta maniobrabilitat i manipulació dels productes emmagatzemats. Imatge L'encant d'un edifici industrial recentment remodelat, combina disseny amb funcionalitat oferint despatxos amb un caràcter seriós i informal alhora. Econòmic Inclòs en el preu s'ofereixen un conjunt ampli de serveis com són secretària, WIFI, sala de reunions, emmagatzematge al soterrani, aire condicionat, calefacció, telefonia, fax, impressora, seguretat, impost d'activitat que en un despatx tradicional s'han de pagar a part. Flexibilitat La facilitat d'obertura d'un despatx al seu torn de tancament, permet guanyar una flexibilitat en tràmits i temps.</p>
